 -18 + -11?
3
What is -19 + 2 + -24 - -10?
-31
What is the value of (1 - 0) + 1206 + -1188?
19
Evaluate 10 - (-4 + (6 + -4 - -4)).
8
What is (1 - 6 - 2) + 16?
9
What is (8 - (5 - (1 + 9))) + -4?
9
-11 + (14 - (-33 - -29))
7
Evaluate (2 + 2 + -3 - (-4 + -1)) + -5.
1
Calculate (1 + 18 + -3 - 42) + (0 - -10).
-16
Calculate -3 + 7 + 35 - 4 - 4.
31
Evaluate (-16 - -13) + (34 - (3 + 4)).
24
What is the value of -8 - (-36 - 9 - -24)?
13
-1 + -3 + (-11 + 19 - (-1 - -4))
1
Evaluate 21 + -17 + 3 + -19 - 3.
-15
What is the value of 10 - (-14 - -3 - -3 - -37)?
-19
What is the value of -14 + (8 + -7 - -5) + -1?
-9
What is 1 + -6 + 16 - (-51 + 67)?
-5
What is -8 - (-54 + 51 - (0 - 10))?
-15
1 - ((8 - 8) + -13 + -5 + 2)
17
What is the value of 11 - (11 - 8) - 2 - (2 + -14)?
18
Calculate (5 - 7 - 4) + (14 - -2).
10
(17 - 1 - (-5 - 0)) + -8
13
Calculate 13 + (-2 - (-1 - -1) - (-199 + 203)).
7
-29 + 3 + (3 + 2 - 4) - -6
-19
Calculate -14 - ((-18 - -7) + -7).
4
-3 + (1 - (7 + -7)) + 22
20
Evaluate -1 + (-11 + 7 - (2 + -5)).
-2
Calculate (-3 - (22 + -8)) + 16.
-1
Calculate 35 - 11 - (-20 + 29).
15
3 - ((-10 - -44) + 4)
-35
Calculate 5 + -23 + (4 - -3 - 2).
-13
What is -25 - -2 - ((2 - (5 + -7)) + -14)?
-13
What is the value of (5 + -1 + -5 - 4) + 1 + 11?
7
Evaluate (-23 - (-19 + -24 + 8)) + -17 + 1.
-4
Evaluate -25 + 25 - (-5 - -20).
-15
Calculate -16 - (14 + 0 + -30).
0
(10 + -17 - -25) + -108 + 55
-35
-4 - 2 - (1 - (6 + -1) - -9)
-11
Evaluate 32 + -8 + 3 + -40.
-13
Evaluate -32 - -76 - 54 - (1 - (-5 + 1)).
-15
Calculate (24 - 22 - (-7 + 0)) + 12.
21
Calculate 29 - (14 + (18 - 15)).
12
Evaluate 1493 - 1524 - (-59 + -1).
29
Evaluate 3 - (11 - 8) - -11.
11
Evaluate (6 - (-1 + 0 - 1)) + (87 - 82).
13
Evaluate -2 + (27 - 19) + -1 + -19.
-14
Calculate (-17 - (-31 + 21)) + 27.
20
What is (3 + -3 - -12) + -29?
-17
Calculate 1 + -3 + -4 + -3 + 8 + -4.
-5
What is -7 + (39 + -17 + 9 - (1 - 3))?
26
What is (-3 - -7) + -17 + 3 + 39?
29
Evaluate 3 - -6 - 13 - -14 - -4.
14
(3 - 0) + -42 + 33
-6
Calculate -5 - (-11 - (-1 + -7)).
-2
Calculate -15 + (-4 - 1) + -13 + (-24 - -31).
-26
What is the value of 2 + (-1 - 6) + (43 - 36)?
2
Calculate 9 - 0 - (-5 + 5 + 9).
0
What is the value of (-2 - 2) + (5 - 5) + -7?
-11
What is the value of (-150 - -137 - (-19 + -1)) + (7 - -1)?
15
Evaluate (1 + -3 - 14) + 16.
0
What is -15 - 0 - (33 - 49)?
1
-7 + (-14 - -22 - -12) - 36
-23
Calculate 7 - (3 + -9 - -11) - -13 - -7.
22
What is (4 - -1) + (19 - (-3 - -6 - 4))?
25
What is -77 + 81 - ((-6 - 0) + 0 + 2)?
8
Calculate 306 + -304 - (1 - (-2 + (0 - -16))).
15
What is the value of (3 + 21 - 4) + -13?
7
What is the value of -137 + 148 + -22 + 1?
-10
Calculate (6 + -20 - -24) + 1 + 8.
19
What is -2 - (-8 + (-2 - 1) + 11 + -9)?
7
What is -5 + 4 - (52 + -47) - (-12 + 5)?
1
Calculate (56 - 44) + 2 + -27.
-13
What is the value of (15 - (-10 + 7 - 5)) + -4 - 9?
10
0 - (-13 + 12 - 1)
2
Evaluate 3 + 0 - (35 + 12 + -26).
-18
Evaluate -14 + 7 + 20 + -1 - -7.
19
(6 - (-12 - (-18 - -2))) + (33 - 3)
32
Calculate 63 + -70 + (2 - (-1 - (-2 + 27))).
21
What is the value of 64 + -79 + (-7 - -38)?
16
What is the value of (-6 - (12 + -12 + 2)) + 14?
6
Evaluate 4 - -8 - (-13 + 26).
-1
What is -11 - (-13 + 5) - (-2 + 1)?
-2
Calculate -2 + 6 - 7 - (30 + -11).
-22
1 + -1 - (-203 + 210)
-7
What is 5 - ((-5 - 4) + 6)?
8
13 + 0 - (24 - 14)
3
Calculate 38 + -22 + -15 - 8.
-7
Calculate 6 + (-7 + 13 + -13 - -1) + 3.
3
-2 + (-2 - 0) - 6 - (-50 + 20)
20
What is -12 + -11 + 14 + 11 - -3?
5
What is the value of 851 - 879 - (-26 - -1)?
-3
What is the value of 42 + -34 - (-1 + 7) - 9 - 3?
-10
What is 24 + -14 - -22 - 14?
18
What is -25 + 0 + -1094 + 1114?
-5
Calculate 14 + 16 - (-7 - -2 - -6).
29
What is the value of -16 + (-2 - (-16 + (9 - (-3 + 7))))?
-7
7 + -1 + 1 + 1 + 0 - 6
2
Calculate -1 + -4 + -13 + (20 - 11) + -2.
-11
Evaluate (46 - 33) + 5 + 1 + -2 + -5.
12
Calculate -1 + 8 + (-52 + 58 - (-1 + 4)).
10
10 - (3 + (5 - -5))
-3
1 - (5 + -3) - (1 - 15 - -30)
-17
-5 - (-4 + 0) - (102 - 106)
3
What is the value of -1 + -15 + (-29 - -42) + -1 + -7?
-11
5 - (-7 + (-6 - -27))
-9
11 - (-13 - -18 - 10)
16
Evaluate 31 - 32 - (-4 + -1) - 16.
-12
Evaluate -11 + -43 + (7 - -18).
-29
Evaluate 1 - ((9 - (3 + -1)) + -5 + 8).
-9
Calculate (-29 - -2) + 11 + (12 - 17).
-21
Calculate (-43 - (-25 + 13 + -1)) + 11.
-19
(4 + 2 - 1) + 6 - 2
9
3 + 10 + 5 + -12 + 2
8
What is the value of -3 - -14 - (-54 - -69)?
-4
What is the value of (-69 - -85) + (-1 - -8)?
23
(1 - 4) + (26 - 8) + 11
26
Calculate 5 - (-2 + 2) - (9 - -19 - -1).
-24
What is the value of 25 + -14 + -15 + 12?
8
Evaluate (-3 - -13 - 12) + (-1 - -2) + 6.
5
What is -10 + 0 + 1 - (-2081 + 2090)?
-18
11 - (-1 - 6 - (0 - 44))
-26
What is the value of 0 - 23 - (-115 - -108)?
-16
Calculate (12 - -1) + -9 + 27 + -13.
18
Evaluate 12 + -20 - (-2 - 22).
16
Evaluate -18 + 26 + 5 + -14.
-1
-1 + (-15 - (14 + -36))
6
What is the value of (2 - (-8 + 9 + 5)) + -9?
-13
What is the value of -3 + (-15 - -16) + 30?
28
-7 + (2 - 2 - -6) + (-1 - -15)
13
Calculate -18 + 25 + -14 + -3 + -1.
-11
Calculate 13 - (-27 + 17) - (1 + (4 - 2)).
20
What is (66 - 93 - (2 - -11)) + 16?
-24
0 + -7 - (151 - 159)
1
What is the value of 14 + 3 + 5 + -14?
8
Evaluate 8 + (9 - -28) - (-4 - (-4 - 11)).
34
What is the value of (1 - -15) + -8 - 3 - (2 - 11)?
14
20 + -6 + (-25 - -9)
-2
What is the value of -12 - (-1 - (-7 + 16 + 10))?
8
What is (-100 - -85) + 1 + -3 + 7?
-10
Evaluate (1 + 9 + -7 - 10) + -5.
-12
What is (7 - -4) + -86 + 112?
37
Calculate -74 - -83 - (4 + -8 - -4).
9
Calculate -2 + (3 - 4) - (-1 + 11 + 5).
-18
What is the value of 2 + -25 + 17 + 16 + -1?
9
32 - ((4 - -5) + 24)
-1
Calculate (-1 - -11) + (-18 - (-3 + -10)) + -2.
3
(-2 + -1 - -3) + (-230 - -234)
4
Evaluate 5 + -1 - (7 + 6) - (-2 - 27).
20
Calculate (50 + -44 - (2 - 8)) + 2.
14
What is 2 - 10 - (543 + -515)?
-36
Evaluate (4 + -17 - (-11 + 5)) + (4 - 3).
-6
7 + (13 - (-33 - -62))
-9
What is the value of -1 + (23 - 17) - (-23 - 2)?
30
What is 22 - (2 + 0 + 8 + -2)?
14
What is the value of (19 - (-8 - -7 - -10)) + -22?
-12
Evaluate 14 + -5 + (-6 + 9 - -4 - 13).
3
(4 - 1) + 0 + 26 + -9 + -6
14
What is (-5 - 2) + (2 - 4) + (-13 - -8)?
-14
Evaluate 16 + -18 + -2 - (-2 + 2 + 1).
-5
What is (-39 - (10 + (8 - 17))) + 12?
-28
Calculate (-4 - (-12 - -24)) + 1.
-15
Calculate (-119 + 166 - (-2 + 18)) + (-2 - -4).
33
What is the value of 1 - 16 - (-81 - -64)?
2
Calculate 4 - -1 - (24 + -25 + 24).
-18
Evaluate (9 + -37 - -9) + 9 - -6.
-4
-35 - -26 - 17 - 1
-27
Calculate 1 + (-5 - (-6 - (6 - 7))) + -3.
-2
Evaluate 35 + -32 + 18 + -36.
-15
What is the value of 218 - 226 - (-1 + -5)?
-2
What is the value of (1 - -1) + 1 + (56 - 54)?
5
Evaluate (-1 - -2) + 1 + (-1654 - -1654).
2
-28 + 17 + -14 + 32
7
What is the value of -17 - -6 - (5 + -7)?
-9
Calculate 16 - (-27 - (-22 + -4)).
17
What is the value of 3 + (-1 + -21 - -11)?
-8
What is 8 + (0 - 9) - -12?
11
Calculate (12 - 3 - 27) + 35.
17
What is -23 + 23 + (10 - 25)?
-15
What is -7 - (0 - 10) - -12 - (5 + 1)?
9
Evaluate 12 - (13 + -15 + (1 - -6)).
7
What is (-2 - -2) + (-10 - -9) + 11?
10
What is -22 + 5 + 25 + -19?
-11
-9 + (-24 - -9) - -10
-14
Evaluate 4 + (26 - 34) + 5 + 1.
2
-149 - -133 - (-24 - 1) - (1 - 1)
9
Evaluate -2 + 19 - ((-147 - -157) + (0 - 0)).
7
Evaluate 4 + (103 - 68) + 0 + -10.
29
Calculate -9 - ((-15 - 6) + 7).
5
Evaluate 10 + -4 + 7 + -26 - -36.
23
(27 + -47 - 0) + 15
-5
-145 + 113 - (-1 - (3 - (-2 - 4)))
-22
4 - 0 - (11 + (-11 - 12) - -24)
-8
Calculate 41 - (15 + (-3 - (14 - 5))).
38
Calculate 14 - (3 + 4 + 33).
-26
What is -2 + (-2 - 0) + -10 - (190 + -198)?
-6
Evaluate -20 - -9 - (10 + 18 - 39).
0
What is -250 + 240 - (-2 + 6 + -2)?
-12
What is the value of (40 - 32) + 0 + -1 + 7?
14
What is 2 + -36 - (484 - 489)?
-29
(-6 - -34) + (-10 - (-6 - 8)) + -2
30
What is (-1 - (-3 + -7)) + (5 - 30)?
-16
Calculate 1 + 3 - (-15 - -13).
6
What is the value of -8 - (-2 + -5 - (25 + -27))?
-3
What is the value of 52 + -2 + -45 + 2 + -15 + 2?
-6
What is the value of 7 - (-1 - (3 - 5 - 5))?
1
Evaluate 4 + 8 - (330 + -291).
-27
What is 8 + (4 + -8 + -3 - 16)?
-15
(-8 - -8) + (3 - ((4 - 8) + 1))
6
What is the value of (1 - (32 - -14)) + 48?
3
Calculate 41 + 26 + -48 - 18.
1
What is the value of 4 + 10 + 7 - (6 + 